it of 727996760?
7
What is the units digit of 774817844?
4
What is the millions digit of 327971142?
7
What is the ten thousands digit of 88490718?
9
What is the tens digit of 118867624?
2
What is the hundreds digit of 561217269?
2
What is the ten millions digit of 29043000?
2
What is the ten thousands digit of 115667017?
6
What is the hundred millions digit of 444441123?
4
What is the units digit of 3113126968?
8
What is the tens digit of 4044492204?
0
What is the millions digit of 51987094?
1
What is the ten thousands digit of 681201397?
0
What is the tens digit of 130355940?
4
What is the hundred thousands digit of 375296413?
2
What is the millions digit of 7651383405?
1
What is the thousands digit of 7046412331?
2
What is the hundred thousands digit of 9808467?
8
What is the hundred millions digit of 3535430003?
5
What is the ten thousands digit of 4690405?
9
What is the ten thousands digit of 8342626311?
2
What is the hundred thousands digit of 250088861?
0
What is the ten millions digit of 67531985?
6
What is the millions digit of 971888353?
1
What is the hundreds digit of 194527185?
1
What is the ten millions digit of 1461825500?
6
What is the ten thousands digit of 442361329?
6
What is the hundreds digit of 49657253?
2
What is the millions digit of 339028734?
9
What is the hundred thousands digit of 848668625?
6
What is the hundreds digit of 2525043086?
0
What is the hundreds digit of 1647141493?
4
What is the ten millions digit of 45221489?
4
What is the ten millions digit of 38348179?
3
What is the millions digit of 2710378971?
0
What is the ten millions digit of 1519474281?
1
What is the hundreds digit of 57059550?
5
What is the hundreds digit of 107103673?
6
What is the hundred millions digit of 4915192503?
9
What is the thousands digit of 259068669?
8
What is the hundreds digit of 35060839?
8
What is the tens digit of 945713370?
7
What is the millions digit of 46289211?
6
What is the ten thousands digit of 27384814?
8
What is the units digit of 315691761?
1
What is the hundred thousands digit of 4043976283?
9
What is the ten thousands digit of 64373134?
7
What is the ten thousands digit of 77128658?
2
What is the units digit of 95882?
2
What is the tens digit of 4899014738?
3
What is the hundred thousands digit of 35909348?
9
What is the hundreds digit of 1091078346?
3
What is the ten millions digit of 1394805902?
9
What is the units digit of 7597840?
0
What is the units digit of 449679499?
9
What is the tens digit of 988497127?
2
What is the thousands digit of 307066770?
6
What is the hundred thousands digit of 994310020?
3
What is the ten thousands digit of 4119202?
1
What is the millions digit of 247399547?
7
What is the ten millions digit of 5092333961?
9
What is the hundred thousands digit of 59519834?
5
What is the tens digit of 5190363187?
8
What is the hundred millions digit of 568745438?
5
What is the thousands digit of 301454186?
4
What is the thousands digit of 99937669?
7
What is the hundred millions digit of 1574573099?
5
What is the thousands digit of 65328222?
8
What is the ten thousands digit of 105168327?
6
What is the ten millions digit of 227183003?
2
What is the units digit of 456839426?
6
What is the ten millions digit of 2692259913?
9
What is the tens digit of 358600886?
8
What is the ten millions digit of 144744004?
4
What is the tens digit of 1187227077?
7
What is the thousands digit of 117172702?
2
What is the billions digit of 3666818673?
3
What is the ten thousands digit of 1267940830?
4
What is the hundred thousands digit of 2560074251?
0
What is the hundred millions digit of 150926071?
1
What is the hundred millions digit of 109179321?
1
What is the billions digit of 1923560617?
1
What is the millions digit of 45258895?
5
What is the tens digit of 184750901?
0
What is the millions digit of 236039662?
6
What is the hundred thousands digit of 43972092?
9
What is the billions digit of 4406141832?
4
What is the millions digit of 96214628?
6
What is the hundred thousands digit of 16393216?
3
What is the ten millions digit of 1849394995?
4
What is the hundreds digit of 488936785?
7
What is the millions digit of 68282588?
8
What is the units digit of 3010690862?
2
What is the hundreds digit of 3889269883?
8
What is the tens digit of 1552470329?
2
What is the thousands digit of 21496174?
6
What is the thousands digit of 85653235?
3
What is the tens digit of 50610784?
8
What is the tens digit of 2951968779?
7
What is the tens digit of 726972089?
8
What is the thousands digit of 1342235580?
5
What is the ten millions digit of 10803931?
1
What is the ten thousands digit of 361510572?
1
What is the hundreds digit of 61864758?
7
What is the ten millions digit of 49044248?
4
What is the hundreds digit of 25379129?
1
What is the thousands digit of 1518273356?
3
What is the hundred millions digit of 122414407?
1
What is the ten millions digit of 170754329?
7
What is the tens digit of 431647071?
7
What is the hundred thousands digit of 561470818?
4
What is the ten millions digit of 298598804?
9
What is the tens digit of 27910906?
0
What is the thousands digit of 7544677?
4
What is the thousands digit of 1955024051?
4
What is the units digit of 301754140?
0
What is the millions digit of 144289219?
4
What is the units digit of 1418350580?
0
What is the hundreds digit of 107771651?
6
What is the units digit of 209896017?
7
What is the hundred thousands digit of 129259452?
2
What is the hundred thousands digit of 188114675?
1
What is the thousands digit of 217916897?
6
What is the millions digit of 1185491?
1
What is the tens digit of 7786440384?
8
What is the hundred thousands digit of 332086402?
0
What is the millions digit of 5573771846?
3
What is the hundred thousands digit of 25412794?
4
What is the hundreds digit of 4453743975?
9
What is the tens digit of 76363804?
0
What is the ten millions digit of 3430191709?
3
What is the ten millions digit of 214224958?
1
What is the ten thousands digit of 5167999521?
9
What is the hundred millions digit of 999946487?
9
What is the thousands digit of 123951281?
1
What is the ten thousands digit of 222262670?
6
What is the thousands digit of 42841636?
1
What is the hundred millions digit of 3296169670?
2
What is the millions digit of 2660684701?
0
What is the thousands digit of 24454023?
4
What is the thousands digit of 282274821?
4
What is the units digit of 2036051200?
0
What is the ten millions digit of 1698415111?
9
What is the hundred thousands digit of 10096775?
0
What is the tens digit of 40128304?
0
What is the tens digit of 100111587?
8
What is the billions digit of 1251359334?
1
What is the ten millions digit of 167959327?
6
What is the units digit of 398707290?
0
What is the hundreds digit of 191957554?
5
What is the hundred millions digit of 309029561?
3
What is the tens digit of 181901287?
8
What is the hundred millions digit of 6506051203?
5
What is the hundreds digit of 268932070?
0
What is the tens digit of 10470738?
3
What is the tens digit of 459310838?
3
What is the ten millions digit of 37444185?
3
What is the units digit of 181009434?
4
What is the ten thousands digit of 196871480?
7
What is the ten millions digit of 163084160?
6
What is the ten millions digit of 655787448?
5
What is the thousands digit of 804314480?
4
What is the ten thousands digit of 355282454?
8
What is the hundreds digit of 25069787?
7
What is the ten millions digit of 35948881?
3
What is the millions digit of 298101158?
8
What is the hundred thousands digit of 300691232?
6
What is the millions digit of 80254257?
0
What is the ten thousands digit of 94821449?
2
What is the tens digit of 1556105273?
7
What is the millions digit of 18755289?
8
What is the tens digit of 249606154?
5
What is the ten millions digit of 139420648?
3
What is the thousands digit of 7402025594?
5
What is the hundred thousands digit of 75199941?
1
What is the units digit of 1485304228?
8
What is the tens digit of 115237019?
1
What is the thousands digit of 181216412?
6
What is the hundred millions digit of 1621272670?
6
What is the millions digit of 1318974687?
8
What is the hundreds digit of 9793630?
6
What is the hundred thousands digit of 421274808?
2
What is the units digit of 214453308?
8
What is the tens 